en n(o) is divided by i?
1
Suppose 2*s = -174 + 8. Let o = -57 - s. Calculate the remainder when 76 is divided by o.
24
Suppose -5*z + 2*s = -s - 35, -4*s + 20 = 0. Let r = -27 - -56. What is the remainder when r is divided by z?
9
Let p(q) = 9*q**2 + q. Suppose 10 = 5*s - 10. Calculate the remainder when p(1) is divided by s.
2
Calculate the remainder when (-129)/(-4 + (4/1)/4) is divided by 13.
4
Let w(v) = 3*v**2 + 13*v - 5. Let f be w(-7). Calculate the remainder when 3/(-1)*f/(-9) is divided by 6.
5
Suppose 2*z - 2*c = -c - 29, -2*z - 5*c = -1. Let p be (-111)/18 - 2/z. What is the remainder when 40/4 + p/2 is divided by 2?
1
Suppose 3*k + 5 - 20 = 0. Let g(o) = -o**2 + 7*o - 4. Calculate the remainder when 17 is divided by g(k).
5
Let k = 22 - 18. What is the remainder when k is divided by 2?
0
Let l = 7 + -1. Suppose -2*i + l = -i. What is the remainder when 11 is divided by i?
5
Let y(z) = z - 16. Let s(l) = l - 17. Let v(o) = 5*s(o) - 6*y(o). Calculate the remainder when v(9) is divided by 2.
0
Let y(k) = k**2 - 4*k - 2. Let w be y(5). Let z(g) = g. What is the remainder when 10 is divided by z(w)?
1
Let l(m) = -2*m + 44. What is the remainder when 49 is divided by l(15)?
7
Calculate the remainder when 42/5*(2 + 3) is divided by 11.
9
Let l(u) = -3*u - 16. Calculate the remainder when l(-10) is divided by 4.
2
Suppose u + 0*u - 190 = 0. Suppose 0 = 7*v - 2*v - u. Calculate the remainder when v is divided by 13.
12
Let p = 133 - 129. What is the remainder when p is divided by 2?
0
Let n = -5 - -8. Let o(r) = -r**3 + 7*r**2 + 10*r - 9. Let s = 11 + -3. What is the remainder when o(s) is divided by n?
1
Suppose 51 = -4*n - 189. Calculate the remainder when (24/n)/(2/(-420)) is divided by 17.
16
Let u = -178 - -255. What is the remainder when u is divided by 26?
25
Let u(g) be the third derivative of g**5/12 + g**4/24 - g**3/2 - 10*g**2. What is the remainder when (1/(-1) - -2)*43 is divided by u(-2)?
13
Suppose 0 = f - 16 + 3. Suppose 0 = 2*a + 4*x - 58, -2*a + 3*x = -f - 10. Calculate the remainder when a is divided by 5.
4
Let t(a) = a**3 - 6*a**2 - 25*a + 12. Suppose 5*y - 5*p = 332 + 83, 2*p = 10. What is the remainder when y is divided by t(9)?
28
Let t(h) = -2*h**2 - 3*h + 3. Let o be t(-3). Let u(a) = 2*a**2 + 8*a + 3. What is the remainder when u(-5) is divided by (-4)/o*(-21)/(-2)?
6
Let z = 22 + -6. Let i = 5 - -7. Let s(n) = n**2 - 11*n - 3. Calculate the remainder when z is divided by s(i).
7
Suppose -3*f + 89 = -217. Calculate the remainder when f is divided by 15.
12
Let i = -43 - -22. Let c = -3 - i. Let b = 28 + -18. Calculate the remainder when c is divided by b.
8
Let v = 53 - -45. Let w = -59 + v. Suppose -w = q - 2*q. What is the remainder when q is divided by 14?
11
Suppose -3*a + 3*j + 15 + 48 = 0, -3*j - 42 = -2*a. What is the remainder when 2*1*427/14 is divided by a?
19
Let o = -107 - -117. What is the remainder when o is divided by (-12)/2*(-4)/6?
2
Suppose -20*l - 19 = -21*l. Let b be (2/(-2))/((-1)/(-27)). Let h = b - -63. Calculate the remainder when h is divided by l.
17
Let g = 10 + -7. Let v(b) = 4*b + 1. What is the remainder when 49 is divided by v(g)?
10
Let r(y) be the third derivative of y**6/120 - y**5/60 + y**4/24 + 7*y**3/3 - 2*y**2. What is the remainder when 26 is divided by r(0)?
12
Calculate the remainder when (-1)/2*1*-4*15 is divided by 11.
8
Let n(f) = -f**3 - 9*f**2 - 3*f - 13. Let g(u) = 2*u**2 - 3*u - 1. Let i(b) = -b - 3. Let k be i(-6). Calculate the remainder when n(-9) is divided by g(k).
6
Suppose 5*i = 4*o + 58, 57 = -0*i + 3*i + 5*o. What is the remainder when 50 is divided by i?
8
Let d = 26 + -24. Calculate the remainder when 6 is divided by d.
0
Let g = -114 + 175. Calculate the remainder when g is divided by 21.
19
Suppose 3*d - 6 - 12 = 0. Calculate the remainder when 8 is divided by 8 - (-1)/(-2)*d.
3
Suppose 0*g + 33 = 2*s - 5*g, s - 18 = 4*g. Let v be 40 - (1 + 1/(-1)). Let y = v - 0. What is the remainder when y is divided by s?
12
Suppose 0 = -o - 5*f + 22, 4*o - 2*f + 2 = o. Suppose 4 = -y + o*y - w, 5*w + 12 = 4*y. Calculate the remainder when y is divided by 3.
2
Calculate the remainder when 93 is divided by (6 - -1)/((-8)/(-16)).
9
Let q(p) = -4*p - 4. Suppose 5*b - 192 = -k, 2*b + 4*k - 22 = 44. Calculate the remainder when b is divided by q(-6).
19
Suppose 0 = p + 2*g - 8, -4*p + 3*p = -3*g + 2. What is the remainder when 6 is divided by p?
2
Suppose -5*c = 78 - 418. Calculate the remainder when c is divided by (2 - 0)/(4/46).
22
Suppose -8*u + 192 = 4*u. Calculate the remainder when 43*1 - 2/(-1) is divided by u.
13
Suppose 2*y - 4*b = -78, 3*y - 3*b = -y - 181. Let d = 81 + y. Calculate the remainder when d is divided by 17.
15
Let d = 59 + -31. What is the remainder when 82 is divided by d?
26
Let l = 28 + 14. Suppose -l = -4*z + 2*z. Let c(r) = -r**3 - 2*r**2 - 3*r - 7. What is the remainder when z is divided by c(-3)?
10
Suppose 0 = -4*l + 14 + 22. Let p = 14 - 10. Suppose l*g - p*g = 15. Calculate the remainder when 4 is divided by g.
1
Let p(h) = -h**2 + 10*h + 1. Suppose 0 = 2*c + 2*c - 36. Calculate the remainder when p(5) is divided by c.
8
Let n(o) = -15*o + 33. What is the remainder when n(-5) is divided by 37?
34
Let h be ((-2)/4)/(1/28). Let f = 26 + h. What is the remainder when 46/4*(-4)/(-2) is divided by f?
11
Let v = 68 - 62. Calculate the remainder when v is divided by 5.
1
Suppose l - 8 = 4*v, -3*l + l + 19 = -5*v. Let q(m) = -3*m + 4. Calculate the remainder when q(-6) is divided by l.
10
Let u = 38 + -4. What is the remainder when u is divided by 7?
6
Calculate the remainder when 856/10 + 10/25 is divided by 29.
28
What is the remainder when 44 is divided by ((-2)/6)/((-9)/243)?
8
Suppose 4*d - 374 + 54 = 0. Calculate the remainder when d is divided by 17.
12
Suppose -34*y = -31*y - 270. What is the remainder when y is divided by 21?
6
Let v(j) = j + 3. Let a be v(-3). Suppose a*t = -2*t - 110. Let q = -35 - t. What is the remainder when 58 is divided by q?
18
Let t = 0 - -5. Suppose 0 = -4*h - 0*h + 4. What is the remainder when (h/3)/((-1)/(-39)) is divided by t?
3
Suppose -z + 55 = 4*z. Suppose 5*p - 80 = -3*j + p, -3*j = -5*p - 116. What is the remainder when j is divided by z?
10
Let i = 1 - 0. Let u = -1 + i. Suppose -m + u = -6. What is the remainder when 16 is divided by m?
4
Suppose 3*x = 3*r - 57, -38 = 4*x + 3*r + 3. What is the remainder when (-4)/(-14) - 108/x is divided by 2*2/2 + 1?
2
Suppose s = -5*l + l + 29, 0 = -5*l - 2*s + 34. Let u = 33 + -10. Calculate the remainder when u is divided by l.
7
Suppose -17 - 1 = -2*p. Suppose -3*c = -25 - 23. Calculate the remainder when c is divided by p.
7
Suppose 2*p - 59 - 5 = 0. What is the remainder when p is divided by 17?
15
Let t(j) = j - 14. Let h(k) = -k + 15. Let i(p) = -3*h(p) - 4*t(p). What is the remainder when 19 is divided by i(0)?
8
Suppose 3*c - 2*a + 17 = 8*c, -2*a = -2. What is the remainder when 16 is divided by c?
1
Suppose -4*z + 63 + 17 = 0. What is the remainder when z is divided by 11?
9
Suppose -4*i = -i - 21. Let y = 243 - 74. What is the remainder when (-10)/(-45) + y/9 is divided by i?
5
Let b = -11 + 15. Suppose 3*f - 5*w - 67 = 0, -5*f = b*w - 87 - 0. What is the remainder when f is divided by 5?
4
Suppose 5 = -2*q - 15. What is the remainder when 0/(-3) - 1 - q is divided by 6?
3
Let m(j) = 4*j**2 - 3*j + 2. Let p be m(2). Suppose -4*h - p = -2*z, -5*z + 10 + 64 = h. What is the remainder when 27 is divided by z?
13
Let x = 4 - 4. Let w be x + 2/(3 - 1). Calculate the remainder when 25 is divided by (-27)/(-4) - w/(-4).
4
Let b(a) = a**2 + 3*a + 2. Let l be b(-5). Let i be (-9)/(-2)*l/9. What is the remainder when 15 is divided by ((-4)/6)/(i/(-72))?
7
Calculate the remainder when 118 is divided by (-4 - -4)/1 - -30.
28
Suppose 3*s - 8*s + 120 = 0. Let l(g) = 7*g**2 + 1. Let o be l(3). Calculate the remainder when 7 is divided by o/s - 1/(-3).
1
Suppose 0 = -4*s - z - z + 42, -2*z - 22 = -4*s. Let h(n) = n**3 - 7*n**2 - 8*n + 1. Calculate the remainder when 1 is divided by h(s).
0
Suppose 2*u = 4*t + 230, 5*t + 145 = 3*t - 5*u. Let y = -33 - t. Suppose -f = -y - 1. What is the remainder when f is divided by 10?
8
Suppose -2*b + 12 = -6*b, -4*c - 5*b = 3